{"id":10,"date":"2022-11-23T15:33:47","date_gmt":"2022-11-23T15:33:47","guid":{"rendered":"http:\/\/area-box.fr\/?page_id=10"},"modified":"2025-11-14T09:25:50","modified_gmt":"2025-11-14T09:25:50","slug":"area-energie-2","status":"publish","type":"page","link":"https:\/\/area-energie.fr\/","title":{"rendered":"AREA ENERGIE"},"content":{"rendered":"\n\n\t\t\t\t<img decoding=\"async\" src=\"https:\/\/area-energie.fr\/wp-content\/uploads\/2025\/11\/AREA-ENERGIE-PANNEAUX-SOLAIRES.jpg\" alt=\"Business finance and solar energy\" itemprop=\"image\" height=\"984\" width=\"1500\" title=\"Business finance and solar energy\" onerror=\"this.style.display='none'\" loading=\"lazy\" \/>\n\t\t<h2>\n\t\t\tQui sommes nous ?\n\t\t<\/h2>\n\tAREA \u00c9NERGIE, filiale d&#8217;AREA GROUP, est sp\u00e9cialis\u00e9e dans la production d&#8217;\u00e9nergie solaire.\nAREA \u00c9NERGIE est un acteur engag\u00e9 dans la transition \u00e9nerg\u00e9tique, au service d&#8217;une valorisation durable de son patrimoine immobilier professionnel.\n\t\t<h2>\n\t\t\tProduction photovolta\u00efque\n\t\t<\/h2>\n\t<p>AREA \u00c9NERGIE \u00e0 d\u00e9velopp\u00e9 des installations solaires permettant une production photovolta\u00efque \u00e0 partir de 300 KW par site. Nos projets sont con\u00e7us pour maximiser la performance \u00e9nerg\u00e9tique tout en garantissant une exploitation simple et durable.<\/p>\nNous privil\u00e9gions des \u00e9quipements de qualit\u00e9, des technologies fiables et un suivi technique rigoureux pour assurer un rendement optimal des\u00a0 installations sur le long terme.\nAREA \u00c9NERGIE, transforme ses surfaces inutilis\u00e9es en sources d&#8217;\u00e9nergie renouvelable et profite d&#8217;une production verte, locale et rentable.\n\n\t\t\t\t<img decoding=\"async\" src=\"https:\/\/area-energie.fr\/wp-content\/uploads\/2025\/11\/AREA-ENERGIE-PANNEAUX-SOLAIRES-2.jpg\" alt=\"Renewable Integration: Solar Panels and Transmission Towers Bath\" itemprop=\"image\" height=\"1026\" width=\"1500\" title=\"Renewable Integration: Solar Panels and Transmission Towers Bath\" onerror=\"this.style.display='none'\" loading=\"lazy\" \/>\n\t\t\t\t<img decoding=\"async\" src=\"https:\/\/area-energie.fr\/wp-content\/uploads\/2025\/11\/AREA-ENERGIE-PANNEAUX-SOLAIRES-3.jpg\" alt=\"Team of engineers and technicians working on photovoltaic solar\" itemprop=\"image\" height=\"1000\" width=\"1500\" title=\"Team of engineers and technicians working on photovoltaic solar\" onerror=\"this.style.display='none'\" loading=\"lazy\" \/>\n\t\t<h2>\n\t\t\tSolutions d&#8217;installation\n\t\t<\/h2>\n\tNotre objectif est d&#8217;optimiser la production d&#8217;\u00e9nergie tout en valorisant nos espaces disponibles.\nTrois types d&#8217;installations :<br data-start=\"333\" data-end=\"336\" \/>&#8211; En toiture, pour transformer nos b\u00e2timents en sources de production d&#8217;\u00e9nergie verte;<br data-start=\"425\" data-end=\"428\" data-is-only-node=\"\" \/>&#8211; En ombri\u00e8re, pour allier production solaire et confort;<br data-start=\"511\" data-end=\"514\" \/>&#8211; En installation au sol, id\u00e9ale pour valoriser les terrains inexploit\u00e9s avec un rendement \u00e9nerg\u00e9tique optimal.\nAREA \u00c9NERGIE con\u00e7oit des projets performants, esth\u00e9tiques et durables.\n\t\t\t\t<img decoding=\"async\" src=\"https:\/\/area-energie.fr\/wp-content\/uploads\/2025\/09\/AREA-ENERGIE-LOGO-GREEN.svg\" alt=\"AREA ENERGIE LOGO GREEN\" itemprop=\"image\" height=\"118.2\" width=\"183.3\" title=\"AREA ENERGIE LOGO GREEN\" onerror=\"this.style.display='none'\" loading=\"lazy\" \/>\n\n","protected":false},"excerpt":{"rendered":"<p>Qui sommes nous ? AREA \u00c9NERGIE, filiale d&#8217;AREA GROUP, est sp\u00e9cialis\u00e9e dans la production d&#8217;\u00e9nergie solaire. AREA \u00c9NERGIE est un acteur engag\u00e9 dans la transition \u00e9nerg\u00e9tique, au service d&#8217;une valorisation durable de son patrimoine immobilier professionnel. Production photovolta\u00efque AREA \u00c9NERGIE \u00e0 d\u00e9velopp\u00e9 des installations solaires permettant une production photovolta\u00efque \u00e0 partir de 300 KW par&hellip;<\/p>\n","protected":false},"author":1,"featured_media":0,"parent":0,"menu_order":0,"comment_status":"closed","ping_status":"closed","template":"","meta":{"_monsterinsights_skip_tracking":false,"_monsterinsights_sitenote_active":false,"_monsterinsights_sitenote_note":"","_monsterinsights_sitenote_category":0,"footnotes":""},"class_list":["post-10","page","type-page","status-publish","hentry"],"aioseo_notices":[],"_links":{"self":[{"href":"https:\/\/area-energie.fr\/index.php?rest_route=\/wp\/v2\/pages\/10","targetHints":{"allow":["GET"]}}],"collection":[{"href":"https:\/\/area-energie.fr\/index.php?rest_route=\/wp\/v2\/pages"}],"about":[{"href":"https:\/\/area-energie.fr\/index.php?rest_route=\/wp\/v2\/types\/page"}],"author":[{"embeddable":true,"href":"https:\/\/area-energie.fr\/index.php?rest_route=\/wp\/v2\/users\/1"}],"replies":[{"embeddable":true,"href":"https:\/\/area-energie.fr\/index.php?rest_route=%2Fwp%2Fv2%2Fcomments&post=10"}],"version-history":[{"count":109,"href":"https:\/\/area-energie.fr\/index.php?rest_route=\/wp\/v2\/pages\/10\/revisions"}],"predecessor-version":[{"id":256,"href":"https:\/\/area-energie.fr\/index.php?rest_route=\/wp\/v2\/pages\/10\/revisions\/256"}],"wp:attachment":[{"href":"https:\/\/area-energie.fr\/index.php?rest_route=%2Fwp%2Fv2%2Fmedia&parent=10"}],"curies":[{"name":"wp","href":"https:\/\/api.w.org\/{rel}","templated":true}]}}